. Calculate the highest common divisor of 36 and z.
4
Suppose -7 = w - 17. What is the greatest common divisor of 20 and w?
10
Let x = 10 - 25. Let f be x*(-1)/(2/18). Calculate the greatest common divisor of 15 and f.
15
Let b = 1 - 3. Let w be 4 - (0/b + 0). Suppose -2*i - 3*x + 9 = -2*x, -w*i + x = -9. Calculate the greatest common factor of 30 and i.
3
Suppose s - c - 3*c = -16, 5*c + 15 = 0. Let d = 154 + s. What is the highest common factor of 14 and d?
14
Let k be ((-4)/10)/(1*(-4)/2660). Calculate the highest common factor of 14 and k.
14
Suppose -5*r = -241 - 119. What is the highest common factor of r and 8?
8
Suppose -13*c = -16*c + 108. Let j be 94/4 - (-1)/2. Suppose -3*t + 2*t = -j. What is the highest common factor of t and c?
12
Suppose 2*o = -m + 360, -3*m + 566 = 3*o - 8*m. Calculate the highest common factor of o and 26.
26
Let p = -61 + 93. What is the greatest common divisor of p and 16?
16
Let n(j) = -4*j - 2. Let y be n(-3). Suppose w = -3*f + 5*f + 9, -w - 4*f = 3. What is the highest common divisor of y and w?
5
Let n(v) = -v**2 + 2*v + 1. Let f be n(3). Let w = 18 - 81. Let d be (-4)/(-2)*w/f. What is the greatest common factor of d and 9?
9
Suppose 5*j - 8*j + 54 = 0. What is the greatest common divisor of 12 and j?
6
Let l be (5 + 1 + 0)/(-1 + 2). Suppose -5*g = -159 - 161. Suppose 0 = 2*i - 5*c - g, -2*i = 3*i - 2*c - 202. What is the greatest common divisor of l and i?
6
Let o be 6/4*(-60)/9. Let f(g) = g**2 + 11*g + 15. Let j be f(o). Suppose -v + j*d - 11 = d, 5*v + d - 8 = 0. Calculate the greatest common divisor of 7 and v.
1
Suppose 8*w - 21 = 11. What is the greatest common factor of w and 10?
2
Suppose -3*z - m = -788, 3*z = -2*m + 4*m + 800. What is the highest common factor of 33 and z?
33
Let l = -25 + 81. Let s(x) = 5*x**2 + 4*x + 2. Suppose 2*n + 6 = 2. Let o be s(n). What is the highest common factor of l and o?
14
Let n = 306 + -185. Let p = -4 + n. Calculate the greatest common factor of p and 13.
13
Let d be (-7)/(-4) - (-3)/12. Let v be 104/10 + d/(-5). Calculate the highest common factor of v and 10.
10
Let x be (-1 - (-6)/3) + 26. Suppose 2*j = 3*v - 164, 5*v - 269 = -0*j - j. Calculate the highest common divisor of x and v.
27
Suppose 173 = -9*z + 1298. Calculate the greatest common factor of z and 50.
25
Let g = -5 + 14. Suppose w = g - 0. Suppose 18 = 2*u - r, -3*u = r - 32 + 5. Calculate the highest common factor of w and u.
9
Let q be (-3 - -7) + (-2)/2. Suppose -q*z + 616 = z. Suppose -5*y + 3*s = -82, 5*y = 2*y + 2*s + 50. What is the highest common divisor of y and z?
14
Let d(s) = -s**3 - 6*s**2 + 5*s - 3. Let g be d(-7). Let x(v) = -v + 20. Let p be x(9). What is the greatest common factor of p and g?
11
Suppose -j - 146 = -3*g, -108 = -4*g - j + 89. Calculate the highest common divisor of g and 7.
7
Suppose -3*k = -2*l - 5*k + 10, 34 = 4*l - 3*k. Calculate the highest common divisor of 7 and l.
7
Let m = -1 - 0. Let i = m + 3. Suppose 0 = -i*s - 0*s + 28. What is the highest common factor of s and 21?
7
Let c = -13 + 22. Let v be (4/(-3) - -3)*3. Suppose -k - 4*z + 23 = 0, v*k - 54 = 3*z + 84. What is the highest common factor of k and c?
9
Let m(f) = -2 + 3*f + 0*f + 0*f. Let l be m(3). Suppose 4*j + 3*o + 9 = -2*o, o - l = -3*j. What is the highest common divisor of j and 40?
4
Let z be ((-10)/30)/(1/(-135)). Let r = z - 25. Calculate the greatest common divisor of r and 100.
20
Let a = 50 - 5. Calculate the highest common factor of 27 and a.
9
Let d = 281 - 198. Suppose 4*u + d = -2*b + 7*b, -5*b = 2*u - 71. Calculate the greatest common divisor of 45 and b.
15
Let c = 1 - -19. Suppose v - 15 = c. What is the highest common divisor of v and 14?
7
Let y(v) = 24*v - 5. Let q be y(4). Calculate the greatest common divisor of 13 and q.
13
Suppose -3*k + 5*t = -44 - 28, 3*k - 72 = -3*t. Calculate the highest common factor of 8 and k.
8
Let u be 3 + 3*(-3)/(-9). Let m be -1 + 41 - 1*u. What is the highest common factor of m and 24?
12
Let p = 40 - 80. Let h = 59 + p. Suppose -8 = -3*t + h. What is the greatest common divisor of t and 1?
1
Suppose -32 = -3*v + 22. Suppose 3*t = 11*t - 96. Calculate the greatest common divisor of t and v.
6
Let b(p) = 32*p**2 + p + 1. Let z be b(-1). Let m be 3 + 1*(4 + -3). Calculate the highest common factor of m and z.
4
Suppose -6 = -3*w + w. Suppose -d + 5 = 7*b - 3*b, 0 = -2*d + 2*b + 20. Calculate the greatest common factor of w and d.
3
Let m(k) = 6*k**3 + k**2 + 2*k - 2. Let s be m(1). What is the highest common factor of 7 and s?
7
Let t = -15 + 50. Suppose 4*n + l - 76 = -3*l, n = -5*l + t. Calculate the highest common factor of 10 and n.
5
Suppose 42 = 44*y - 43*y. Calculate the greatest common factor of y and 7.
7
Let h be (3/(-9))/((-1)/(-9)). Let z be (h - -2) + (3 - 1). What is the greatest common divisor of 1 and z?
1
Let q be 15/(-25) - (1 + (-33)/5). Calculate the greatest common factor of 40 and q.
5
Let z(w) = -3 + 2*w + w + 0. Let t be z(2). Suppose -t*m + 13 = -5. What is the highest common divisor of m and 3?
3
Let o(b) = b**2 - 2*b - 7. Let m be o(5). Let f be ((-17)/17)/(1/(-3)) + 1. Calculate the greatest common factor of f and m.
4
Suppose 0 = -m - 2*s + 20, -2*s + s = -4*m + 62. Suppose h + h = 10. Suppose -h*g + 48 = -3*g. What is the highest common factor of g and m?
8
Suppose -5*z = -2*a - 385, -2*z + 171 - 11 = -2*a. Calculate the highest common factor of z and 50.
25
Suppose s - 3*s = 2*a - 4, -3*s + 3*a - 18 = 0. Let h = -1 - s. Let w(o) = 33*o - 1. Let n be w(h). What is the highest common divisor of 8 and n?
8
Suppose 5*c - 60 = -3*l, l - c = 6*l - 78. Suppose 0 = -9*p + 5*p + 40. What is the highest common factor of l and p?
5
Suppose 4*s - i + 3 = -3, -s = i - 1. Let h be (-4 - 18)/(s - 0). Calculate the highest common divisor of h and 55.
11
Let q be (2 - 0)/(-2)*6. Let r be 2/(q/3) + 65. Calculate the highest common factor of 8 and r.
8
Let v be (-2 + -8)*(1 - 13). Suppose -v = -2*z - 3*z. Let u = 2 - -1. What is the highest common divisor of u and z?
3
Let d be 7 + -3 + (-5)/10*-32. Let g be (-1396)/(-14) + (-4)/(-14). Calculate the greatest common factor of g and d.
20
Suppose -k = -3*k - 126. Let r be (32/3)/((-6)/k). What is the greatest common divisor of r and 16?
16
Suppose -27*i + 260 = -17*i. What is the greatest common divisor of i and 2?
2
Let j(n) = -n**3 + 13*n**2 + 18*n - 13. Let a be j(14). Suppose -a = -4*i + 5. Calculate the greatest common divisor of i and 12.
12
Let s = -1222 + 722. Let z = -334 - s. Suppose 15 - 61 = -i + 2*y, -3*i - y = -z. What is the greatest common divisor of i and 6?
6
Let q = 9 - 2. Let s(l) = -l**2 + 18*l - 16. Let b(p) = p + 19. Let i be b(-6). Let x be s(i). Calculate the highest common factor of x and q.
7
Let w be (3/6)/((-1)/(-2)) + 24. Calculate the highest common divisor of 275 and w.
25
Let l be 1/1*(-2)/(-1). Suppose 34 = l*n - 6. Suppose i = 3, -3*i - n = -2*d - 1. Calculate the greatest common divisor of d and 21.
7
Suppose 0 = -13*q + 11*q. Suppose -g = g - 1466. Suppose q = -5*f + 147 + g. Calculate the greatest common factor of 16 and f.
16
Let t be (-18)/(-8)*(0 - -4). Suppose 5*r - 3 = r - y, 3*r - 2*y = 5. Let i = r + t. Calculate the greatest common divisor of i and 50.
10
Suppose 0 = -o - 4*w - 0*w + 22, 0 = -3*o + 2*w + 24. Let q(i) = i**3 + 7*i**2 - 3*i + 9. Let t be q(-7). What is the highest common divisor of o and t?
10
Let k be (-3)/9*-1*12. Calculate the greatest common factor of 1 and k.
1
Let w be (-5 - -6)*(5 - 0). Suppose 3*v - 16 = -q - v, -w*q = 3*v - 63. What is the greatest common divisor of q and 36?
12
Let n be (-1 + -23)*(-25)/3. Let x be (-6)/(-5)*n/6. Let v = x + -12. Calculate the greatest common divisor of v and 70.
14
Let v = 79 - 28. Calculate the highest common factor of v and 17.
17
Let f = 55 + 78. What is the highest common factor of f and 19?
19
Suppose -2*q - m = -9, 0*m - 19 = -2*q - 3*m. Suppose 0 = -5*s + 3*i + 67, -5*s + q*i + 0*i = -68. What is the highest common factor of s and 2?
2
Let b = -1 + 6. Let x be (2 - (-1 - -3))/(-1). Let s be 23 + -2*(-1 + x). Calculate the highest common divisor of b and s.
5
Let o = 24 + 1. Calculate the highest common factor of o and 15.
5
Let m be (1*-5 - -1)/(-2). Suppose -4*g - 7*